.
-5
Evaluate -4 + (3 - (-5 + 7)).
-3
What is 0 + 1 - (-9 - -14)?
-4
Evaluate 9 - 16 - (-6 + 2).
-3
What is the value of 6 + (4 - -5) + (-10 - -3)?
8
6 + -12 + 5 + 3
2
What is -3 - (-3 + 2) - (0 + -1)?
-1
What is 11 - 5 - (3 - 0)?
3
Calculate 12 + 6 + -4 + 2 + -9.
7
Evaluate 12 + (11 - (-13 - -28)).
8
What is 6 - (1 - 0) - 4?
1
What is 67 - 67 - (4 + 1)?
-5
Evaluate -7 - -6 - -3 - -2.
4
What is 3 - 1 - (94 + -100)?
8
(18 - 21) + 0 + 9
6
-16 + 23 - (10 - -1) - -7
3
-3 + 2 - 3 - -2
-2
What is the value of (5 - 10) + 5 + (2 - 2)?
0
What is the value of -1 + -6 - (33 - 33)?
-7
What is the value of 8 - (8 + 11 + -5)?
-6
-2 - (-3 + 1 + 2)
-2
What is the value of 3 + -3 + -1 + 2?
1
What is the value of -23 + 21 + (-4 - 2)?
-8
Evaluate 0 + 9 + -9 + 5.
5
What is the value of -1 + 0 + 2 + (14 - 16)?
-1
-1 - (5 + -6) - (1 + -6)
5
What is (0 - ((-2 - 3) + 3)) + -2?
0
Calculate 5 + -1 - (10 - (1 + 6)).
1
What is the value of 1 - (3 + (-1 - 1))?
0
Calculate -19 - -17 - (-3 + -2).
3
Evaluate (-3 - (3 + -3)) + 5.
2
What is the value of (-7 - -3 - -2) + 4?
2
(-5 - (-3 + -1)) + (0 - -3)
2
What is 3 - (2 + -4 - (2 - -1))?
8
What is the value of (-4 - -1) + 69 + -64?
2
Calculate -8 + 11 + -5 - (1 - 4).
1
What is (-5 - -7 - -2) + -11 - -1?
-6
What is the value of 2 - ((2 - -3) + -1)?
-2
Evaluate -38 + 42 + 0 + 1 + 2.
7
-1 + 3 + 0 + 2 + -4
0
What is -9 + (3 - (10 - 12))?
-4
Calculate 2 + -1 - 1 - (-8 + 5).
3
Calculate (5 - 3) + -4 - 0.
-2
What is 2 - ((5 - (2 - -5)) + 8)?
-4
What is the value of 7 + 0 + (-12 - -9)?
4
4 + (8 - (7 + 0))
5
-4 + -6 + (32 - 22)
0
What is 2 - (-9 + 3 + 3)?
5
Evaluate 11 - 1 - (6 - 1).
5
What is the value of -15 + 6 + 19 + -14?
-4
6 + -4 + (0 - 1)
1
Calculate (-1 - -3) + -20 + 14.
-4
What is -2 + 5 + -2 + -6 + -1?
-6
Calculate -1 + (-4 - (1 - -1)) - 1.
-8
Calculate -10 + 12 - (-8 + 11).
-1
-5 - (3 - 6) - -3 - 6
-5
Evaluate 1 - ((-4 + 1 - -6) + -4).
2
Evaluate -11 + 14 - (1 - -1).
1
What is (-4 - -2) + -3 - (-4 - -3)?
-4
What is the value of 2 + 2 + -10 + 3?
-3
What is the value of -13 + 13 - (3 - (0 + 7))?
4
What is 20 + -20 + -5 + 0 - -6?
1
-3 + (-4 - (-5 - (-7 + 4)))
-5
Evaluate (2 - ((-3 - -4) + -4)) + -1.
4
-7 + -4 + 14 - 9
-6
What is 7 + (-9 - (4 + -8))?
2
0 - (0 - (-2 - (-1 + -4)))
3
-8 - (0 - (4 - 1))
-5
Calculate 0 - 1 - ((-15 - -9) + 10).
-5
Calculate (14 - 2) + -1 + (1 - 4).
8
What is the value of 11 + -3 - 11 - (2 - -1)?
-6
7 - (4 - (-5 + 7))
5
What is 16 + 0 - (-110 - -118)?
8
What is the value of 3 + 1 + -3 - -1?
2
Calculate 4 - (6 + -3) - (-1 - 5).
7
Evaluate (2 + -3 - 1) + 2 + -5.
-5
-1 + (-3 - (-3 + -1))
0
Calculate (-9 - (-15 + -7)) + -8.
5
Evaluate 5 - (4 - (4 + -7)).
-2
Calculate -1 + (1 - -5) - (-63 - -73).
-5
Evaluate 6 - (3 - (7 - 6)).
4
4 + 1 + 1 - (3 - 2)
5
What is the value of 1 + (-4 + 0 + 3 - 1)?
-1
What is the value of 38 + -39 - (-1 - 3)?
3
What is 0 - 8 - -9 - (-4 + 2)?
3
Evaluate 3 + 1 + (-11 - -6) - 7.
-8
27 + -16 + 2 + -10
3
2 + -3 + 4 - (1 - -6)
-4
What is the value of (121 - 117) + (-10 - 2)?
-8
What is the value of 15 - (16 + -3 - 4)?
6
What is (-5 - -2) + 2 + -1 + 0?
-2
-7 - (1 - (4 - 2))
-6
Calculate (-2 - 1) + 0 - (-2 + 1).
-2
What is the value of -4 + 4 + (0 - -3) + 2?
5
-3 - ((2 - 6) + -1)
2
What is the value of 5 + 3 + (3 - (8 - 0))?
3
Calculate -3 - (-2 + 4 + -5).
0
What is the value of -2 - (1 - -1 - (-6 - -7))?
-3
-86 + 76 - (-14 + 0)
4
Evaluate 8 + (-2 - (-3 - -2)).
7
What is 4 + -3 + (3 + -3 - -3)?
4
What is the value of (2 - 8) + 2 - 1?
-5
1 + 0 + 0 - -3
4
What is -1 + -8 + 6 + 3 - 11?
-11
What is 7 - (4 - (3 + -4))?
2
What is the value of 2 - (2 + -2) - (-2 - -1)?
3
What is (8 - (-1 - 5)) + -5 + -7?
2
What is the value of (-5 - 0) + 0 - -6?
1
Calculate -4 + 3 - (2 - 2).
-1
What is -5 + 9 + -6 + (0 - -1)?
-1
Evaluate -2 + 9 + (-5 - 7).
-5
-3 - (3 + (-5 - -5)) - -3
-3
4 - (0 + (-4 - 1) - -4)
5
What is the value of (13 - 9) + (2 + -3 - 0)?
3
What is -1 + (13 - 5) + 0 + -3?
4
1 + -1 - (1 + 5 - 4)
-2
What is the value of -4 - -3 - (-2 - -6)?
-5
Calculate -8 + -1 + 15 + 1.
7
-2 + -2 + (2 - -5)
3
What is the value of 3 - 0 - (-8 - -6)?
5
(-1 - 0) + -3 + -2 + 4
-2
What is 8 + (14 + -26 - 5)?
-9
Calculate 7 - 1 - (13 + -8).
1
Calculate 6 + 0 - (-4 + 7).
3
What is 3 - (-6 - 4 - (-3 - 1))?
9
What is 4 + -2 + 4 + -1?
5
Calculate 6 + 6 - 5 - (-6 + 19).
-6
Evaluate -3 + -4 + 5 + -3 - -5.
0
Evaluate 1 + 1 + (2 - 2).
2
Calculate -5 + (4 - 5 - -1).
-5
Calculate 4 + -1 - (2 - (5 + -3)).
3
Calculate 0 + 3 + (3 - 8 - 1).
-3
Evaluate -9 + 3 + -7 + 9 - -4.
0
What is (-1 + -6 - -6) + (-2 - -5)?
2
-2 - (13 + -14 + 8 - 13)
4
Evaluate 14 - (-2 + -4 + 14).
6
2 + -1 + 21 + -16
6
What is the value of 2 + 10 - 1 - (-78 + 82)?
7
What is -3 + 2 + 13 + -17 + 9?
4
-2 + 1 - (-10 - -12)
-3
Evaluate 6 - (-2 - -4 - -2) - -2.
4
Evaluate 1 + -1 - (2 + 2 + -1).
-3
What is (-4 - 1 - -1) + 0 + -1?
-5
What is 1 + -6 + -2 + 9 + -3?
-1
What is the value of 3 + (5 - 4 - -3) + -10?
-3
(-5 - 1) + 9 + -7
-4
Evaluate 4 + (5 + 0 - 16) + 1.
-6
What is the value of (1 - 0 - -1) + -109 + 105?
-2
What is (-1 - 1) + 17 + -19?
-4
Calculate -7 - (1 + -15 + 9).
-2
What is -7 + 17 + -4 + (3 - 3)?
6
Evaluate 2 + -1 + 3 + -4 + -3.
-3
-8 - -18 - 17 - (0 + -6)
-1
Calculate 4 + (-7 - (2 + -4 + -2)).
1
What is (42 - 47) + 8 + -1?
2
What is 3 + -7 + -25 + 27?
-2
Evaluate -4 - 0 - (-41 - -38).
-1
12 - (9 + 3 + -1)
1
Calculate -6 + 0 + -3 + (-79 - -90).
2
Calculate 13 + -7 + (-5 - 0) + -11.
-10
What is the value of -14 + 2 + 2 - (76 + -80)?
-6
Calculate 12 + (-8 - (7 - 8)).
5
Evaluate (-12 - (-16 - -5)) + 3.
2
What is (9 - (-3 + -4 + 11)) + -2?
3
What is the value of 12 + (-8 - (-7 - -3) - -2)?
10
Calculate 5 + 1 + 21 + (-9 - 9).
9
Evaluate -8 - ((3 - 7) + -1).
-3
What is the value of -5 + (-1 - 0) - (-6 + 1)?
-1
-4 - (5 + -7 - (-1 + 0))
-3
What is the value of (3 + (3 - 3) - 1) + 3?
5
Calculate 0 + 2 + (9 - 10).
1
What is the value of -6 + (-1 - (-2 - -3) - -4)?
-4
Evaluate (-23 - -17) + (14 + 0 - 2).
6
What is the value of -4 + -1 - (-24 - (11 + -24))?
6
What is 9 + -12 - (3 - 3)?
-3
What is 3 + -11 - -3 - (-5 - -2)?
-2
Calculate 1 - 5 - (5 + 11 - 20).
0
What is -4 + (-6 + 0 - -5)?
-5
What is the value of 6 - (-2 + 6) - 3?
-1
What is (-11 - -5) + (3 - (-1 - -2))?
-4
Calculate 2 - (5 - 3 - 4).
4
What is the value of (-3 - (-8 - -4 - -9)) + 3?
-5
Calculate 4 + (1 - 1) + -2 + 2.
4
Calculate 3 - ((3 - -1) + -3 + -3).
5
(-2 - -6) + 0 + 1
5
What is (4 - (10 - 7)) + 1 + 5?
7
Calculate (-1 - -1 - 6) + (-102 - -103).
-5
-3 + 2 + -7 + 1 + 2
-5
What is (-1 + 1 + -4 - -4) + -3?
-3
-2 + 2 - -4 - (-1 - -6)
-1
Evaluate 2 - -6 - 2 - 2.
4
Evaluate -1 - -2 - (27 - 22).
-4
Evaluate -1 + 6 - (3 + 0).
2
-5 - (-1 + 2) - -7
1
Evaluate -2 + 4 + 1 + -4.
-1
What is the value of -5 - (-4 + 5 + 2 - 13)?
5
What is (2 - -1) + (-2 - (-5 - -2))?
4
6 - (0 + -4 + 15)
-5
What is the value of -12 + 8 - (-4 + -1 + 2)?
-1
What is the value of -4 + 2 + 9 + -3 + 0?
4
Calculate (-2 - -6) + -3 + 0.
1
-4 + 7 + -3 - -5
5
Calculate -4 + -1 + 1 + (-1 - -3).
-2
Calculate 7 - (2 + -5 + -2 + 7).
5
What is (2 + -9 - (4 - 1)) + 5?
-5
Calculate 0 - -1 - (4 - 0).
-3
What is -4 - (-1 - -3 - 3)?
-3
Calculate -3 + (-5 + 2 - -4) - 4.
-6
What is -8 - 2 - (-1 - 13)?
4
Calculate -6 + 13 + -3 + (-11 - -2).
-5
2 - 4 - -3 - 3
-2
Evaluate 3 + 4 + (-7 - -4).
4
10 - (5 - -4 - 4)
5
Calculate 11 + -7 - (-4 + 11).
-3
What is (8 + -6 - 1) + -1 + 2?
2
(12 + -8 - -3 - 2) + 5
10
What is 4 + (3 - 6) - -1?
2
What is 5 - -1 - (-22 - -32)?
-4
What is the value of -12 + 5 + 3 - -8?
4
What is the value of -3 + ((3 - 7) + -4 - -9)?
-2
Calculate -4 - (-8 - (0 + -6 + 2)).
0
Evaluate -9 - (9 + -1 - (2 - -5)).
-10
3 + -6 + -3 + 5
-1
What is the value of 6 + (1 - 3) + 0?
4
Evaluate (5 - (-1 - -5)) + 0 + -3.
-2
Evaluate -1 - (10 + (-4 - 3)).
-4
What is the value of -4 - -2 - (-7 + 5)?
0
What is -2 - (-3 + -4) - (4 - 2)?
3
Calculate -3 - (-6 + 1 + (-16 - -12)).
6
What is -1 + -3 + 4 + 2 + -2?
0
What is -9 - -6 - (-7 + 3)?
1
What is (-21 - -21 - (-2 - -10)) + 8?
0
(1 - -2) + -8 + 6
1
Calculate -6 + 22 - (4 + -4 - -7).
9
Calculate -21 - -8 - (-10 + 2).
-5
What is 1 + -4 + (0 - -2)?
-1
Evaluate -10 + 5 + (2 + 3 - 6).
-6
Calculate (4 - 0) + 10 + -11.
3
Calculate 1 + 0 + (-13 - -10) + -1.
-3
What is the value of (7 - -1 - 1) + 0 + -13?
-6
Wha